{"id":1158,"date":"2023-03-16T16:20:45","date_gmt":"2023-03-16T15:20:45","guid":{"rendered":"https:\/\/www.espace-sophrologie.org\/?page_id=1158"},"modified":"2025-06-05T16:01:36","modified_gmt":"2025-06-05T15:01:36","slug":"sophrologue-caycedienne-annezin-cybele-lefebvre-methodes-douces-et-naturelles","status":"publish","type":"page","link":"https:\/\/www.espace-sophrologie.org\/?page_id=1158","title":{"rendered":"Consultations individuelles"},"content":{"rendered":"<p>[et_pb_section fb_built=\u00a0\u00bb1&Prime; _builder_version=\u00a0\u00bb4.16&Prime; global_colors_info=\u00a0\u00bb{}\u00a0\u00bb][et_pb_row _builder_version=\u00a0\u00bb4.16&Prime; background_size=\u00a0\u00bbinitial\u00a0\u00bb background_position=\u00a0\u00bbtop_left\u00a0\u00bb background_repeat=\u00a0\u00bbrepeat\u00a0\u00bb global_colors_info=\u00a0\u00bb{}\u00a0\u00bb][et_pb_column type=\u00a0\u00bb4_4&Prime; _builder_version=\u00a0\u00bb4.16&Prime; custom_padding=\u00a0\u00bb|||\u00a0\u00bb global_colors_info=\u00a0\u00bb{}\u00a0\u00bb custom_padding__hover=\u00a0\u00bb|||\u00a0\u00bb][et_pb_text _builder_version=\u00a0\u00bb4.20.2&Prime; background_size=\u00a0\u00bbinitial\u00a0\u00bb background_position=\u00a0\u00bbtop_left\u00a0\u00bb background_repeat=\u00a0\u00bbrepeat\u00a0\u00bb custom_padding=\u00a0\u00bb||0px|||\u00a0\u00bb inline_fonts=\u00a0\u00bbAbel\u00a0\u00bb global_colors_info=\u00a0\u00bb{}\u00a0\u00bb]<\/p>\n<p>&nbsp;<\/p>\n<div style=\"background: #E7F4FA;\">\n<p style=\"padding: 10px;\">Bienvenue sur ma page d\u00e9di\u00e9e \u00e0 la sophrologie sur B\u00e9thune. Je suis praticienne certifi\u00e9e master sp\u00e9cialiste et je vous accueille \u00e0 Annezin, \u00e0 proximit\u00e9 imm\u00e9diate de B\u00e9thune. Les habitants de la commune peuvent b\u00e9n\u00e9ficier d&rsquo;un accompagnement en sophrologie pour :<\/p>\n<p style=\"padding: 10px;\">le stress<\/p>\n<p style=\"padding: 10px;\">les troubles du sommeil<\/p>\n<p style=\"padding: 10px;\">la gestion des \u00e9motions<\/p>\n<\/div>\n<p>&nbsp;<\/p>\n<ul>\n<li>Consultation en Individuel<\/li>\n<li>Accompagnement personnalis\u00e9<\/li>\n<\/ul>\n<p><span style=\"text-decoration: underline; color: #0c71c3; font-size: x-large;\"><span style=\"font-family: Abel; font-weight: normal;\">Pour me contacter depuis B\u00e9thune, cliquez ici\u00a0<\/span><\/span><\/p>\n<div style=\"background: #E7F4FA;\"><\/div>\n<p style=\"text-align: left;\">\n<p>&nbsp;<\/p>\n<p>&nbsp;<\/p>\n<p>&nbsp;<\/p>\n<p>&nbsp;<\/p>\n<p><img loading=\"lazy\" decoding=\"async\" src=\"https:\/\/www.espace-sophrologie.org\/wp-content\/uploads\/2023\/03\/online-yoga-class_45.jpg\" width=\"400\" height=\"400\" alt=\"image d'une cliente d'Annezin ravie de faire de la sophrologie en s\u00e9ance individuelle\" class=\"wp-image-989 aligncenter size-full\" srcset=\"https:\/\/www.espace-sophrologie.org\/wp-content\/uploads\/2023\/03\/online-yoga-class_45.jpg 400w, https:\/\/www.espace-sophrologie.org\/wp-content\/uploads\/2023\/03\/online-yoga-class_45-300x300.jpg 300w, https:\/\/www.espace-sophrologie.org\/wp-content\/uploads\/2023\/03\/online-yoga-class_45-150x150.jpg 150w\" sizes=\"auto, (max-width: 400px) 100vw, 400px\" \/><\/p>\n<p>[\/et_pb_text][\/et_pb_column][\/et_pb_row][\/et_pb_section]<\/p>\n","protected":false},"excerpt":{"rendered":"<p>je vous accompagne avec des m\u00e9thodes douces et naturelles&#8230;.<\/p>\n","protected":false},"author":1,"featured_media":776,"parent":0,"menu_order":0,"comment_status":"closed","ping_status":"closed","template":"","meta":{"_et_pb_use_builder":"on","_et_pb_old_content":"","_et_gb_content_width":"","footnotes":""},"class_list":["post-1158","page","type-page","status-publish","has-post-thumbnail","hentry"],"yoast_head":"<!-- This site is optimized with the Yoast SEO plugin v27.4 - https:\/\/yoast.com\/product\/yoast-seo-wordpress\/ -->\n<title>Consultations individuelles - Espace Sophrologie Hypnoth\u00e9rapie &amp; Reiki Annezin Bethune<\/title>\n<meta name=\"description\" content=\"Dans son cabinet de sophrologie \u00e0 Annezin, Cyb\u00e8le LEFEBVRE SOPHROLOGUE :&quot; Je vous accompagne pour g\u00e9rer votre stress, vos \u00e9motions...&quot;\" \/>\n<meta name=\"robots\" content=\"index, follow, max-snippet:-1, max-image-preview:large, max-video-preview:-1\" \/>\n<link rel=\"canonical\" href=\"https:\/\/www.espace-sophrologie.org\/?page_id=1158\" \/>\n<meta property=\"og:locale\" content=\"fr_FR\" \/>\n<meta property=\"og:type\" content=\"article\" \/>\n<meta property=\"og:title\" content=\"Consultations individuelles - Espace Sophrologie Hypnoth\u00e9rapie &amp; Reiki Annezin Bethune\" \/>\n<meta property=\"og:description\" content=\"Dans son cabinet de sophrologie \u00e0 Annezin, Cyb\u00e8le LEFEBVRE SOPHROLOGUE :&quot; Je vous accompagne pour g\u00e9rer votre stress, vos \u00e9motions...&quot;\" \/>\n<meta property=\"og:url\" content=\"https:\/\/www.espace-sophrologie.org\/?page_id=1158\" \/>\n<meta property=\"og:site_name\" content=\"Espace Sophrologie Hypnoth\u00e9rapie &amp; Reiki Annezin Bethune\" \/>\n<meta property=\"article:publisher\" content=\"https:\/\/www.facebook.com\/SophrologieHypnotherapieCybeleFlajollet\" \/>\n<meta property=\"article:modified_time\" content=\"2025-06-05T15:01:36+00:00\" \/>\n<meta property=\"og:image\" content=\"https:\/\/www.espace-sophrologie.org\/wp-content\/uploads\/2020\/11\/Profile-scaled.jpg\" \/>\n\t<meta property=\"og:image:width\" content=\"1835\" \/>\n\t<meta property=\"og:image:height\" content=\"2560\" \/>\n\t<meta property=\"og:image:type\" content=\"image\/jpeg\" \/>\n<meta name=\"twitter:card\" content=\"summary_large_image\" \/>\n<meta name=\"twitter:label1\" content=\"Dur\u00e9e de lecture estim\u00e9e\" \/>\n\t<meta name=\"twitter:data1\" content=\"1 minute\" \/>\n<script type=\"application\/ld+json\" class=\"yoast-schema-graph\">{\"@context\":\"https:\\\/\\\/schema.org\",\"@graph\":[{\"@type\":\"WebPage\",\"@id\":\"https:\\\/\\\/www.espace-sophrologie.org\\\/?page_id=1158\",\"url\":\"https:\\\/\\\/www.espace-sophrologie.org\\\/?page_id=1158\",\"name\":\"Consultations individuelles - Espace Sophrologie Hypnoth\u00e9rapie &amp; Reiki Annezin Bethune\",\"isPartOf\":{\"@id\":\"https:\\\/\\\/www.espace-sophrologie.org\\\/#website\"},\"primaryImageOfPage\":{\"@id\":\"https:\\\/\\\/www.espace-sophrologie.org\\\/?page_id=1158#primaryimage\"},\"image\":{\"@id\":\"https:\\\/\\\/www.espace-sophrologie.org\\\/?page_id=1158#primaryimage\"},\"thumbnailUrl\":\"https:\\\/\\\/www.espace-sophrologie.org\\\/wp-content\\\/uploads\\\/2020\\\/11\\\/Profile-scaled.jpg\",\"datePublished\":\"2023-03-16T15:20:45+00:00\",\"dateModified\":\"2025-06-05T15:01:36+00:00\",\"description\":\"Dans son cabinet de sophrologie \u00e0 Annezin, Cyb\u00e8le LEFEBVRE SOPHROLOGUE :\\\" Je vous accompagne pour g\u00e9rer votre stress, vos \u00e9motions...\\\"\",\"breadcrumb\":{\"@id\":\"https:\\\/\\\/www.espace-sophrologie.org\\\/?page_id=1158#breadcrumb\"},\"inLanguage\":\"fr-FR\",\"potentialAction\":[{\"@type\":\"ReadAction\",\"target\":[\"https:\\\/\\\/www.espace-sophrologie.org\\\/?page_id=1158\"]}]},{\"@type\":\"ImageObject\",\"inLanguage\":\"fr-FR\",\"@id\":\"https:\\\/\\\/www.espace-sophrologie.org\\\/?page_id=1158#primaryimage\",\"url\":\"https:\\\/\\\/www.espace-sophrologie.org\\\/wp-content\\\/uploads\\\/2020\\\/11\\\/Profile-scaled.jpg\",\"contentUrl\":\"https:\\\/\\\/www.espace-sophrologie.org\\\/wp-content\\\/uploads\\\/2020\\\/11\\\/Profile-scaled.jpg\",\"width\":1835,\"height\":2560},{\"@type\":\"BreadcrumbList\",\"@id\":\"https:\\\/\\\/www.espace-sophrologie.org\\\/?page_id=1158#breadcrumb\",\"itemListElement\":[{\"@type\":\"ListItem\",\"position\":1,\"name\":\"Accueil\",\"item\":\"https:\\\/\\\/www.espace-sophrologie.org\\\/\"},{\"@type\":\"ListItem\",\"position\":2,\"name\":\"Consultations individuelles\"}]},{\"@type\":\"WebSite\",\"@id\":\"https:\\\/\\\/www.espace-sophrologie.org\\\/#website\",\"url\":\"https:\\\/\\\/www.espace-sophrologie.org\\\/\",\"name\":\"Espace Sophrologie Re\u00efki et Hypnoth\u00e9rapie Lillers\",\"description\":\"Retrouvez une s\u00e9r\u00e9nit\u00e9 int\u00e9rieure de fa\u00e7on durable\",\"publisher\":{\"@id\":\"https:\\\/\\\/www.espace-sophrologie.org\\\/#\\\/schema\\\/person\\\/b46e9b4035cb420e895dd04fe6a3868a\"},\"potentialAction\":[{\"@type\":\"SearchAction\",\"target\":{\"@type\":\"EntryPoint\",\"urlTemplate\":\"https:\\\/\\\/www.espace-sophrologie.org\\\/?s={search_term_string}\"},\"query-input\":{\"@type\":\"PropertyValueSpecification\",\"valueRequired\":true,\"valueName\":\"search_term_string\"}}],\"inLanguage\":\"fr-FR\"},{\"@type\":[\"Person\",\"Organization\"],\"@id\":\"https:\\\/\\\/www.espace-sophrologie.org\\\/#\\\/schema\\\/person\\\/b46e9b4035cb420e895dd04fe6a3868a\",\"name\":\"Cyb\u00e8le\",\"image\":{\"@type\":\"ImageObject\",\"inLanguage\":\"fr-FR\",\"@id\":\"https:\\\/\\\/secure.gravatar.com\\\/avatar\\\/8285c3113cdab605c1638656a22af4c9e3228f6d01d018d28667382f01cd85ab?s=96&d=mm&r=g\",\"url\":\"https:\\\/\\\/secure.gravatar.com\\\/avatar\\\/8285c3113cdab605c1638656a22af4c9e3228f6d01d018d28667382f01cd85ab?s=96&d=mm&r=g\",\"contentUrl\":\"https:\\\/\\\/secure.gravatar.com\\\/avatar\\\/8285c3113cdab605c1638656a22af4c9e3228f6d01d018d28667382f01cd85ab?s=96&d=mm&r=g\",\"caption\":\"Cyb\u00e8le\"},\"logo\":{\"@id\":\"https:\\\/\\\/secure.gravatar.com\\\/avatar\\\/8285c3113cdab605c1638656a22af4c9e3228f6d01d018d28667382f01cd85ab?s=96&d=mm&r=g\"},\"sameAs\":[\"http:\\\/\\\/www.espace-sophrologie.org\",\"https:\\\/\\\/www.facebook.com\\\/SophrologieHypnotherapieCybeleFlajollet\"]}]}<\/script>\n<!-- \/ Yoast SEO plugin. -->","yoast_head_json":{"title":"Consultations individuelles - Espace Sophrologie Hypnoth\u00e9rapie &amp; Reiki Annezin Bethune","description":"Dans son cabinet de sophrologie \u00e0 Annezin, Cyb\u00e8le LEFEBVRE SOPHROLOGUE :\" Je vous accompagne pour g\u00e9rer votre stress, vos \u00e9motions...\"","robots":{"index":"index","follow":"follow","max-snippet":"max-snippet:-1","max-image-preview":"max-image-preview:large","max-video-preview":"max-video-preview:-1"},"canonical":"https:\/\/www.espace-sophrologie.org\/?page_id=1158","og_locale":"fr_FR","og_type":"article","og_title":"Consultations individuelles - Espace Sophrologie Hypnoth\u00e9rapie &amp; Reiki Annezin Bethune","og_description":"Dans son cabinet de sophrologie \u00e0 Annezin, Cyb\u00e8le LEFEBVRE SOPHROLOGUE :\" Je vous accompagne pour g\u00e9rer votre stress, vos \u00e9motions...\"","og_url":"https:\/\/www.espace-sophrologie.org\/?page_id=1158","og_site_name":"Espace Sophrologie Hypnoth\u00e9rapie &amp; Reiki Annezin Bethune","article_publisher":"https:\/\/www.facebook.com\/SophrologieHypnotherapieCybeleFlajollet","article_modified_time":"2025-06-05T15:01:36+00:00","og_image":[{"width":1835,"height":2560,"url":"https:\/\/www.espace-sophrologie.org\/wp-content\/uploads\/2020\/11\/Profile-scaled.jpg","type":"image\/jpeg"}],"twitter_card":"summary_large_image","twitter_misc":{"Dur\u00e9e de lecture estim\u00e9e":"1 minute"},"schema":{"@context":"https:\/\/schema.org","@graph":[{"@type":"WebPage","@id":"https:\/\/www.espace-sophrologie.org\/?page_id=1158","url":"https:\/\/www.espace-sophrologie.org\/?page_id=1158","name":"Consultations individuelles - Espace Sophrologie Hypnoth\u00e9rapie &amp; Reiki Annezin Bethune","isPartOf":{"@id":"https:\/\/www.espace-sophrologie.org\/#website"},"primaryImageOfPage":{"@id":"https:\/\/www.espace-sophrologie.org\/?page_id=1158#primaryimage"},"image":{"@id":"https:\/\/www.espace-sophrologie.org\/?page_id=1158#primaryimage"},"thumbnailUrl":"https:\/\/www.espace-sophrologie.org\/wp-content\/uploads\/2020\/11\/Profile-scaled.jpg","datePublished":"2023-03-16T15:20:45+00:00","dateModified":"2025-06-05T15:01:36+00:00","description":"Dans son cabinet de sophrologie \u00e0 Annezin, Cyb\u00e8le LEFEBVRE SOPHROLOGUE :\" Je vous accompagne pour g\u00e9rer votre stress, vos \u00e9motions...\"","breadcrumb":{"@id":"https:\/\/www.espace-sophrologie.org\/?page_id=1158#breadcrumb"},"inLanguage":"fr-FR","potentialAction":[{"@type":"ReadAction","target":["https:\/\/www.espace-sophrologie.org\/?page_id=1158"]}]},{"@type":"ImageObject","inLanguage":"fr-FR","@id":"https:\/\/www.espace-sophrologie.org\/?page_id=1158#primaryimage","url":"https:\/\/www.espace-sophrologie.org\/wp-content\/uploads\/2020\/11\/Profile-scaled.jpg","contentUrl":"https:\/\/www.espace-sophrologie.org\/wp-content\/uploads\/2020\/11\/Profile-scaled.jpg","width":1835,"height":2560},{"@type":"BreadcrumbList","@id":"https:\/\/www.espace-sophrologie.org\/?page_id=1158#breadcrumb","itemListElement":[{"@type":"ListItem","position":1,"name":"Accueil","item":"https:\/\/www.espace-sophrologie.org\/"},{"@type":"ListItem","position":2,"name":"Consultations individuelles"}]},{"@type":"WebSite","@id":"https:\/\/www.espace-sophrologie.org\/#website","url":"https:\/\/www.espace-sophrologie.org\/","name":"Espace Sophrologie Re\u00efki et Hypnoth\u00e9rapie Lillers","description":"Retrouvez une s\u00e9r\u00e9nit\u00e9 int\u00e9rieure de fa\u00e7on durable","publisher":{"@id":"https:\/\/www.espace-sophrologie.org\/#\/schema\/person\/b46e9b4035cb420e895dd04fe6a3868a"},"potentialAction":[{"@type":"SearchAction","target":{"@type":"EntryPoint","urlTemplate":"https:\/\/www.espace-sophrologie.org\/?s={search_term_string}"},"query-input":{"@type":"PropertyValueSpecification","valueRequired":true,"valueName":"search_term_string"}}],"inLanguage":"fr-FR"},{"@type":["Person","Organization"],"@id":"https:\/\/www.espace-sophrologie.org\/#\/schema\/person\/b46e9b4035cb420e895dd04fe6a3868a","name":"Cyb\u00e8le","image":{"@type":"ImageObject","inLanguage":"fr-FR","@id":"https:\/\/secure.gravatar.com\/avatar\/8285c3113cdab605c1638656a22af4c9e3228f6d01d018d28667382f01cd85ab?s=96&d=mm&r=g","url":"https:\/\/secure.gravatar.com\/avatar\/8285c3113cdab605c1638656a22af4c9e3228f6d01d018d28667382f01cd85ab?s=96&d=mm&r=g","contentUrl":"https:\/\/secure.gravatar.com\/avatar\/8285c3113cdab605c1638656a22af4c9e3228f6d01d018d28667382f01cd85ab?s=96&d=mm&r=g","caption":"Cyb\u00e8le"},"logo":{"@id":"https:\/\/secure.gravatar.com\/avatar\/8285c3113cdab605c1638656a22af4c9e3228f6d01d018d28667382f01cd85ab?s=96&d=mm&r=g"},"sameAs":["http:\/\/www.espace-sophrologie.org","https:\/\/www.facebook.com\/SophrologieHypnotherapieCybeleFlajollet"]}]}},"_links":{"self":[{"href":"https:\/\/www.espace-sophrologie.org\/index.php?rest_route=\/wp\/v2\/pages\/1158","targetHints":{"allow":["GET"]}}],"collection":[{"href":"https:\/\/www.espace-sophrologie.org\/index.php?rest_route=\/wp\/v2\/pages"}],"about":[{"href":"https:\/\/www.espace-sophrologie.org\/index.php?rest_route=\/wp\/v2\/types\/page"}],"author":[{"embeddable":true,"href":"https:\/\/www.espace-sophrologie.org\/index.php?rest_route=\/wp\/v2\/users\/1"}],"replies":[{"embeddable":true,"href":"https:\/\/www.espace-sophrologie.org\/index.php?rest_route=%2Fwp%2Fv2%2Fcomments&post=1158"}],"version-history":[{"count":18,"href":"https:\/\/www.espace-sophrologie.org\/index.php?rest_route=\/wp\/v2\/pages\/1158\/revisions"}],"predecessor-version":[{"id":1548,"href":"https:\/\/www.espace-sophrologie.org\/index.php?rest_route=\/wp\/v2\/pages\/1158\/revisions\/1548"}],"wp:featuredmedia":[{"embeddable":true,"href":"https:\/\/www.espace-sophrologie.org\/index.php?rest_route=\/wp\/v2\/media\/776"}],"wp:attachment":[{"href":"https:\/\/www.espace-sophrologie.org\/index.php?rest_route=%2Fwp%2Fv2%2Fmedia&parent=1158"}],"curies":[{"name":"wp","href":"https:\/\/api.w.org\/{rel}","templated":true}]}}