{"id":644,"date":"2020-11-16T13:05:22","date_gmt":"2020-11-16T12:05:22","guid":{"rendered":"http:\/\/www.espace-sophrologie.org\/?page_id=644"},"modified":"2023-03-10T16:08:11","modified_gmt":"2023-03-10T15:08:11","slug":"tele-consultation","status":"publish","type":"page","link":"https:\/\/www.espace-sophrologie.org\/?page_id=644","title":{"rendered":"T\u00e9l\u00e9-Consultation"},"content":{"rendered":"\n[et_pb_section][et_pb_row][et_pb_column type=\u00a0\u00bb4_4&Prime;][et_pb_text]<!-- divi:heading {\"textAlign\":\"center\"} -->\n<h2 class=\"has-text-align-center\"><strong>S\u00e9ance de sophrologie&#8230; en t\u00e9l\u00e9-consultation, c&rsquo;est efficace !<\/strong><\/h2>\n<!-- \/divi:heading -->\n\n<!-- divi:spacer {\"height\":\"20px\"} -->\n<div style=\"height:20px\" aria-hidden=\"true\" class=\"wp-block-spacer\"><\/div>\n<!-- \/divi:spacer -->\n\n<!-- divi:columns -->\n<div class=\"wp-block-columns\"><!-- divi:column -->\n<div class=\"wp-block-column\"><!-- divi:spacer {\"height\":\"27px\"} -->\n<div style=\"height:27px\" aria-hidden=\"true\" class=\"wp-block-spacer\"><\/div>\n<!-- \/divi:spacer -->\n\n<!-- divi:paragraph -->\n<p>Il est possible que pour des raisons personnelles qu\u2019une s\u00e9ance de sophrologie se d\u00e9roule \u00e0 distance, il peut s\u2019agir de facteurs&nbsp; comme le manque de temps, d\u2019\u00e9loignement g\u00e9ographique, de probl\u00e8me de mobilit\u00e9 ou raison de sant\u00e9.<\/p>\n<!-- \/divi:paragraph -->\n\n<!-- divi:paragraph -->\n<p>Pour cela nous avons mis en place un service de t\u00e9l\u00e9-consultation qui permettra de pouvoir b\u00e9n\u00e9ficier du m\u00eame suivi qu\u2019en pr\u00e9sentiel.<\/p>\n<!-- \/divi:paragraph -->\n\n<!-- divi:paragraph -->\n<p>La t\u00e9l\u00e9-consultation en sophrologie peut vous aider \u00e0 r\u00e9soudre vos probl\u00e8mes.<\/p>\n<!-- \/divi:paragraph -->\n\n<!-- divi:paragraph -->\n<p>Les s\u00e9ances de sophrologie peuvent se d\u00e9rouler par Skype, WhatsApp, Messenger et visioconf\u00e9rence.<\/p>\n<!-- \/divi:paragraph -->\n\n<!-- divi:paragraph -->\n<p><em>Pr\u00e9parer votre s\u00e9ance : <\/em><em><\/em><\/p>\n<!-- \/divi:paragraph -->\n\n<!-- divi:paragraph -->\n<p><em>Il convient de choisir une pi\u00e8ce calme pendant toute la dur\u00e9e de notre rendez-vous.<\/em><em><\/em><\/p>\n<!-- \/divi:paragraph -->\n\n<!-- divi:paragraph -->\n<p><em>Assurez vous que le t\u00e9l\u00e9phone ne vous d\u00e9range pas, pr\u00e9f\u00e9rez un si\u00e8ge confortable et pensez \u00e0 un \u00e9clairage doux. <\/em><em><\/em><em>Le paiement en ligne des s\u00e9ances de sophrologie se fera par PayPal, ou par virement bancaire classique avant la s\u00e9ance.<\/em><\/p>\n<!-- \/divi:paragraph --><\/div>\n<!-- \/divi:column -->\n\n<!-- divi:column -->\n<div class=\"wp-block-column\"><!-- divi:spacer {\"height\":\"20px\"} -->\n<div style=\"height:20px\" aria-hidden=\"true\" class=\"wp-block-spacer\"><\/div>\n<!-- \/divi:spacer -->\n\n<!-- divi:image {\"id\":649,\"sizeSlug\":\"large\"} -->\n<figure class=\"wp-block-image size-large\"><img loading=\"lazy\" decoding=\"async\" width=\"683\" height=\"1024\" src=\"https:\/\/www.espace-sophrologie.org\/wp-content\/uploads\/2020\/11\/etre-683x1024.jpg\" alt=\"\" class=\"wp-image-649\" srcset=\"https:\/\/www.espace-sophrologie.org\/wp-content\/uploads\/2020\/11\/etre-683x1024.jpg 683w, https:\/\/www.espace-sophrologie.org\/wp-content\/uploads\/2020\/11\/etre-200x300.jpg 200w, https:\/\/www.espace-sophrologie.org\/wp-content\/uploads\/2020\/11\/etre-768x1151.jpg 768w, https:\/\/www.espace-sophrologie.org\/wp-content\/uploads\/2020\/11\/etre-1025x1536.jpg 1025w, https:\/\/www.espace-sophrologie.org\/wp-content\/uploads\/2020\/11\/etre-1367x2048.jpg 1367w, https:\/\/www.espace-sophrologie.org\/wp-content\/uploads\/2020\/11\/etre-scaled.jpg 1708w\" sizes=\"auto, (max-width: 683px) 100vw, 683px\" \/><\/figure>\n<!-- \/divi:image --><\/div>\n<!-- \/divi:column --><\/div>\n<!-- \/divi:columns -->[\/et_pb_text][\/et_pb_column][\/et_pb_row][\/et_pb_section]\n","protected":false},"excerpt":{"rendered":"<p><div class=\"et_pb_section et_pb_section_0 et_section_regular\" >\n\t\t\t\t\n\t\t\t\t\n\t\t\t\t\n\t\t\t\t\n\t\t\t\t\n\t\t\t\t\n\t\t\t\t\n\t\t\t\t\n\t\t\t\t\n\t\t\t<\/div><div class=\"et_pb_row et_pb_row_0 et_pb_row_empty\">\n\t\t\t\t\n\t\t\t\t\n\t\t\t\t\n\t\t\t\t\n\t\t\t\t\n\t\t\t<\/div><div class=\"et_pb_module et_pb_text et_pb_text_0  et_pb_text_align_left et_pb_bg_layout_light\">\n\t\t\t\t\n\t\t\t\t\n\t\t\t\t\n\t\t\t\t\n\t\t\t\t\n\t\t\t<\/div> S\u00e9ance de sophrologie&#8230; en t\u00e9l\u00e9-consultation, c&rsquo;est efficace ! Il est possible que pour des raisons personnelles qu\u2019une s\u00e9ance de sophrologie se d\u00e9roule \u00e0 distance, il peut s\u2019agir de facteurs&nbsp; comme le manque de temps, d\u2019\u00e9loignement g\u00e9ographique, de probl\u00e8me de mobilit\u00e9 ou raison de sant\u00e9. Pour cela nous avons mis en place un service de [&hellip;]<\/p>\n","protected":false},"author":1,"featured_media":0,"parent":0,"menu_order":0,"comment_status":"closed","ping_status":"closed","template":"","meta":{"_et_pb_use_builder":"on","_et_pb_old_content":"<!-- wp:heading {\"textAlign\":\"center\"} -->\n<h2 class=\"has-text-align-center\"><strong>S\u00e9ance de sophrologie... en t\u00e9l\u00e9-consultation, c'est efficace !<\/strong><\/h2>\n<!-- \/wp:heading -->\n\n<!-- wp:spacer {\"height\":\"20px\"} -->\n<div style=\"height:20px\" aria-hidden=\"true\" class=\"wp-block-spacer\"><\/div>\n<!-- \/wp:spacer -->\n\n<!-- wp:columns -->\n<div class=\"wp-block-columns\"><!-- wp:column -->\n<div class=\"wp-block-column\"><!-- wp:spacer {\"height\":\"27px\"} -->\n<div style=\"height:27px\" aria-hidden=\"true\" class=\"wp-block-spacer\"><\/div>\n<!-- \/wp:spacer -->\n\n<!-- wp:paragraph -->\n<p>Il est possible que pour des raisons personnelles qu\u2019une s\u00e9ance de sophrologie se d\u00e9roule \u00e0 distance, il peut s\u2019agir de facteurs&nbsp; comme le manque de temps, d\u2019\u00e9loignement g\u00e9ographique, de probl\u00e8me de mobilit\u00e9 ou raison de sant\u00e9.<\/p>\n<!-- \/wp:paragraph -->\n\n<!-- wp:paragraph -->\n<p>Pour cela nous avons mis en place un service de t\u00e9l\u00e9-consultation qui permettra de pouvoir b\u00e9n\u00e9ficier du m\u00eame suivi qu\u2019en pr\u00e9sentiel.<\/p>\n<!-- \/wp:paragraph -->\n\n<!-- wp:paragraph -->\n<p>La t\u00e9l\u00e9-consultation en sophrologie peut vous aider \u00e0 r\u00e9soudre vos probl\u00e8mes.<\/p>\n<!-- \/wp:paragraph -->\n\n<!-- wp:paragraph -->\n<p>Les s\u00e9ances de sophrologie peuvent se d\u00e9rouler par Skype, WhatsApp, Messenger et visioconf\u00e9rence.<\/p>\n<!-- \/wp:paragraph -->\n\n<!-- wp:paragraph -->\n<p><em>Pr\u00e9parer votre s\u00e9ance : <\/em><em><\/em><\/p>\n<!-- \/wp:paragraph -->\n\n<!-- wp:paragraph -->\n<p><em>Il convient de choisir une pi\u00e8ce calme pendant toute la dur\u00e9e de notre rendez-vous.<\/em><em><\/em><\/p>\n<!-- \/wp:paragraph -->\n\n<!-- wp:paragraph -->\n<p><em>Assurez vous que le t\u00e9l\u00e9phone ne vous d\u00e9range pas, pr\u00e9f\u00e9rez un si\u00e8ge confortable et pensez \u00e0 un \u00e9clairage doux. <\/em><em><\/em><em>Le paiement en ligne des s\u00e9ances de sophrologie se fera par PayPal, ou par virement bancaire classique avant la s\u00e9ance.<\/em><\/p>\n<!-- \/wp:paragraph --><\/div>\n<!-- \/wp:column -->\n\n<!-- wp:column -->\n<div class=\"wp-block-column\"><!-- wp:spacer {\"height\":\"20px\"} -->\n<div style=\"height:20px\" aria-hidden=\"true\" class=\"wp-block-spacer\"><\/div>\n<!-- \/wp:spacer -->\n\n<!-- wp:image {\"id\":649,\"sizeSlug\":\"large\"} -->\n<figure class=\"wp-block-image size-large\"><img src=\"http:\/\/www.espace-sophrologie.org\/wp-content\/uploads\/2020\/11\/etre-683x1024.jpg\" alt=\"\" class=\"wp-image-649\"\/><\/figure>\n<!-- \/wp:image --><\/div>\n<!-- \/wp:column --><\/div>\n<!-- \/wp:columns -->","_et_gb_content_width":"","footnotes":""},"class_list":["post-644","page","type-page","status-publish","hentry"],"yoast_head":"<!-- This site is optimized with the Yoast SEO plugin v27.3 - https:\/\/yoast.com\/product\/yoast-seo-wordpress\/ -->\n<title>T\u00e9l\u00e9-Consultation - Espace Sophrologie Hypnoth\u00e9rapie &amp; Reiki Annezin Bethune<\/title>\n<meta name=\"robots\" content=\"index, follow, max-snippet:-1, max-image-preview:large, max-video-preview:-1\" \/>\n<link rel=\"canonical\" href=\"https:\/\/www.espace-sophrologie.org\/?page_id=644\" \/>\n<meta property=\"og:locale\" content=\"fr_FR\" \/>\n<meta property=\"og:type\" content=\"article\" \/>\n<meta property=\"og:title\" content=\"T\u00e9l\u00e9-Consultation - Espace Sophrologie Hypnoth\u00e9rapie &amp; Reiki Annezin Bethune\" \/>\n<meta property=\"og:description\" content=\"S\u00e9ance de sophrologie... en t\u00e9l\u00e9-consultation, c&#039;est efficace ! Il est possible que pour des raisons personnelles qu\u2019une s\u00e9ance de sophrologie se d\u00e9roule \u00e0 distance, il peut s\u2019agir de facteurs&nbsp; comme le manque de temps, d\u2019\u00e9loignement g\u00e9ographique, de probl\u00e8me de mobilit\u00e9 ou raison de sant\u00e9. Pour cela nous avons mis en place un service de [&hellip;]\" \/>\n<meta property=\"og:url\" content=\"https:\/\/www.espace-sophrologie.org\/?page_id=644\" \/>\n<meta property=\"og:site_name\" content=\"Espace Sophrologie Hypnoth\u00e9rapie &amp; Reiki Annezin Bethune\" \/>\n<meta property=\"article:publisher\" content=\"https:\/\/www.facebook.com\/SophrologieHypnotherapieCybeleFlajollet\" \/>\n<meta property=\"article:modified_time\" content=\"2023-03-10T15:08:11+00:00\" \/>\n<meta property=\"og:image\" content=\"http:\/\/www.espace-sophrologie.org\/wp-content\/uploads\/2020\/11\/etre-683x1024.jpg\" \/>\n<meta name=\"twitter:card\" content=\"summary_large_image\" \/>\n<meta name=\"twitter:label1\" content=\"Dur\u00e9e de lecture estim\u00e9e\" \/>\n\t<meta name=\"twitter:data1\" content=\"1 minute\" \/>\n<script type=\"application\/ld+json\" class=\"yoast-schema-graph\">{\"@context\":\"https:\\\/\\\/schema.org\",\"@graph\":[{\"@type\":\"WebPage\",\"@id\":\"https:\\\/\\\/www.espace-sophrologie.org\\\/?page_id=644\",\"url\":\"https:\\\/\\\/www.espace-sophrologie.org\\\/?page_id=644\",\"name\":\"T\u00e9l\u00e9-Consultation - Espace Sophrologie Hypnoth\u00e9rapie &amp; Reiki Annezin Bethune\",\"isPartOf\":{\"@id\":\"https:\\\/\\\/www.espace-sophrologie.org\\\/#website\"},\"primaryImageOfPage\":{\"@id\":\"https:\\\/\\\/www.espace-sophrologie.org\\\/?page_id=644#primaryimage\"},\"image\":{\"@id\":\"https:\\\/\\\/www.espace-sophrologie.org\\\/?page_id=644#primaryimage\"},\"thumbnailUrl\":\"http:\\\/\\\/www.espace-sophrologie.org\\\/wp-content\\\/uploads\\\/2020\\\/11\\\/etre-683x1024.jpg\",\"datePublished\":\"2020-11-16T12:05:22+00:00\",\"dateModified\":\"2023-03-10T15:08:11+00:00\",\"breadcrumb\":{\"@id\":\"https:\\\/\\\/www.espace-sophrologie.org\\\/?page_id=644#breadcrumb\"},\"inLanguage\":\"fr-FR\",\"potentialAction\":[{\"@type\":\"ReadAction\",\"target\":[\"https:\\\/\\\/www.espace-sophrologie.org\\\/?page_id=644\"]}]},{\"@type\":\"ImageObject\",\"inLanguage\":\"fr-FR\",\"@id\":\"https:\\\/\\\/www.espace-sophrologie.org\\\/?page_id=644#primaryimage\",\"url\":\"http:\\\/\\\/www.espace-sophrologie.org\\\/wp-content\\\/uploads\\\/2020\\\/11\\\/etre-683x1024.jpg\",\"contentUrl\":\"http:\\\/\\\/www.espace-sophrologie.org\\\/wp-content\\\/uploads\\\/2020\\\/11\\\/etre-683x1024.jpg\"},{\"@type\":\"BreadcrumbList\",\"@id\":\"https:\\\/\\\/www.espace-sophrologie.org\\\/?page_id=644#breadcrumb\",\"itemListElement\":[{\"@type\":\"ListItem\",\"position\":1,\"name\":\"Accueil\",\"item\":\"https:\\\/\\\/www.espace-sophrologie.org\\\/\"},{\"@type\":\"ListItem\",\"position\":2,\"name\":\"T\u00e9l\u00e9-Consultation\"}]},{\"@type\":\"WebSite\",\"@id\":\"https:\\\/\\\/www.espace-sophrologie.org\\\/#website\",\"url\":\"https:\\\/\\\/www.espace-sophrologie.org\\\/\",\"name\":\"Espace Sophrologie Re\u00efki et Hypnoth\u00e9rapie Lillers\",\"description\":\"Retrouvez une s\u00e9r\u00e9nit\u00e9 int\u00e9rieure de fa\u00e7on durable\",\"publisher\":{\"@id\":\"https:\\\/\\\/www.espace-sophrologie.org\\\/#\\\/schema\\\/person\\\/b46e9b4035cb420e895dd04fe6a3868a\"},\"potentialAction\":[{\"@type\":\"SearchAction\",\"target\":{\"@type\":\"EntryPoint\",\"urlTemplate\":\"https:\\\/\\\/www.espace-sophrologie.org\\\/?s={search_term_string}\"},\"query-input\":{\"@type\":\"PropertyValueSpecification\",\"valueRequired\":true,\"valueName\":\"search_term_string\"}}],\"inLanguage\":\"fr-FR\"},{\"@type\":[\"Person\",\"Organization\"],\"@id\":\"https:\\\/\\\/www.espace-sophrologie.org\\\/#\\\/schema\\\/person\\\/b46e9b4035cb420e895dd04fe6a3868a\",\"name\":\"Cyb\u00e8le\",\"image\":{\"@type\":\"ImageObject\",\"inLanguage\":\"fr-FR\",\"@id\":\"https:\\\/\\\/secure.gravatar.com\\\/avatar\\\/8285c3113cdab605c1638656a22af4c9e3228f6d01d018d28667382f01cd85ab?s=96&d=mm&r=g\",\"url\":\"https:\\\/\\\/secure.gravatar.com\\\/avatar\\\/8285c3113cdab605c1638656a22af4c9e3228f6d01d018d28667382f01cd85ab?s=96&d=mm&r=g\",\"contentUrl\":\"https:\\\/\\\/secure.gravatar.com\\\/avatar\\\/8285c3113cdab605c1638656a22af4c9e3228f6d01d018d28667382f01cd85ab?s=96&d=mm&r=g\",\"caption\":\"Cyb\u00e8le\"},\"logo\":{\"@id\":\"https:\\\/\\\/secure.gravatar.com\\\/avatar\\\/8285c3113cdab605c1638656a22af4c9e3228f6d01d018d28667382f01cd85ab?s=96&d=mm&r=g\"},\"sameAs\":[\"http:\\\/\\\/www.espace-sophrologie.org\",\"https:\\\/\\\/www.facebook.com\\\/SophrologieHypnotherapieCybeleFlajollet\"]}]}<\/script>\n<!-- \/ Yoast SEO plugin. -->","yoast_head_json":{"title":"T\u00e9l\u00e9-Consultation - Espace Sophrologie Hypnoth\u00e9rapie &amp; Reiki Annezin Bethune","robots":{"index":"index","follow":"follow","max-snippet":"max-snippet:-1","max-image-preview":"max-image-preview:large","max-video-preview":"max-video-preview:-1"},"canonical":"https:\/\/www.espace-sophrologie.org\/?page_id=644","og_locale":"fr_FR","og_type":"article","og_title":"T\u00e9l\u00e9-Consultation - Espace Sophrologie Hypnoth\u00e9rapie &amp; Reiki Annezin Bethune","og_description":"S\u00e9ance de sophrologie... en t\u00e9l\u00e9-consultation, c'est efficace ! Il est possible que pour des raisons personnelles qu\u2019une s\u00e9ance de sophrologie se d\u00e9roule \u00e0 distance, il peut s\u2019agir de facteurs&nbsp; comme le manque de temps, d\u2019\u00e9loignement g\u00e9ographique, de probl\u00e8me de mobilit\u00e9 ou raison de sant\u00e9. Pour cela nous avons mis en place un service de [&hellip;]","og_url":"https:\/\/www.espace-sophrologie.org\/?page_id=644","og_site_name":"Espace Sophrologie Hypnoth\u00e9rapie &amp; Reiki Annezin Bethune","article_publisher":"https:\/\/www.facebook.com\/SophrologieHypnotherapieCybeleFlajollet","article_modified_time":"2023-03-10T15:08:11+00:00","og_image":[{"url":"http:\/\/www.espace-sophrologie.org\/wp-content\/uploads\/2020\/11\/etre-683x1024.jpg","type":"","width":"","height":""}],"twitter_card":"summary_large_image","twitter_misc":{"Dur\u00e9e de lecture estim\u00e9e":"1 minute"},"schema":{"@context":"https:\/\/schema.org","@graph":[{"@type":"WebPage","@id":"https:\/\/www.espace-sophrologie.org\/?page_id=644","url":"https:\/\/www.espace-sophrologie.org\/?page_id=644","name":"T\u00e9l\u00e9-Consultation - Espace Sophrologie Hypnoth\u00e9rapie &amp; Reiki Annezin Bethune","isPartOf":{"@id":"https:\/\/www.espace-sophrologie.org\/#website"},"primaryImageOfPage":{"@id":"https:\/\/www.espace-sophrologie.org\/?page_id=644#primaryimage"},"image":{"@id":"https:\/\/www.espace-sophrologie.org\/?page_id=644#primaryimage"},"thumbnailUrl":"http:\/\/www.espace-sophrologie.org\/wp-content\/uploads\/2020\/11\/etre-683x1024.jpg","datePublished":"2020-11-16T12:05:22+00:00","dateModified":"2023-03-10T15:08:11+00:00","breadcrumb":{"@id":"https:\/\/www.espace-sophrologie.org\/?page_id=644#breadcrumb"},"inLanguage":"fr-FR","potentialAction":[{"@type":"ReadAction","target":["https:\/\/www.espace-sophrologie.org\/?page_id=644"]}]},{"@type":"ImageObject","inLanguage":"fr-FR","@id":"https:\/\/www.espace-sophrologie.org\/?page_id=644#primaryimage","url":"http:\/\/www.espace-sophrologie.org\/wp-content\/uploads\/2020\/11\/etre-683x1024.jpg","contentUrl":"http:\/\/www.espace-sophrologie.org\/wp-content\/uploads\/2020\/11\/etre-683x1024.jpg"},{"@type":"BreadcrumbList","@id":"https:\/\/www.espace-sophrologie.org\/?page_id=644#breadcrumb","itemListElement":[{"@type":"ListItem","position":1,"name":"Accueil","item":"https:\/\/www.espace-sophrologie.org\/"},{"@type":"ListItem","position":2,"name":"T\u00e9l\u00e9-Consultation"}]},{"@type":"WebSite","@id":"https:\/\/www.espace-sophrologie.org\/#website","url":"https:\/\/www.espace-sophrologie.org\/","name":"Espace Sophrologie Re\u00efki et Hypnoth\u00e9rapie Lillers","description":"Retrouvez une s\u00e9r\u00e9nit\u00e9 int\u00e9rieure de fa\u00e7on durable","publisher":{"@id":"https:\/\/www.espace-sophrologie.org\/#\/schema\/person\/b46e9b4035cb420e895dd04fe6a3868a"},"potentialAction":[{"@type":"SearchAction","target":{"@type":"EntryPoint","urlTemplate":"https:\/\/www.espace-sophrologie.org\/?s={search_term_string}"},"query-input":{"@type":"PropertyValueSpecification","valueRequired":true,"valueName":"search_term_string"}}],"inLanguage":"fr-FR"},{"@type":["Person","Organization"],"@id":"https:\/\/www.espace-sophrologie.org\/#\/schema\/person\/b46e9b4035cb420e895dd04fe6a3868a","name":"Cyb\u00e8le","image":{"@type":"ImageObject","inLanguage":"fr-FR","@id":"https:\/\/secure.gravatar.com\/avatar\/8285c3113cdab605c1638656a22af4c9e3228f6d01d018d28667382f01cd85ab?s=96&d=mm&r=g","url":"https:\/\/secure.gravatar.com\/avatar\/8285c3113cdab605c1638656a22af4c9e3228f6d01d018d28667382f01cd85ab?s=96&d=mm&r=g","contentUrl":"https:\/\/secure.gravatar.com\/avatar\/8285c3113cdab605c1638656a22af4c9e3228f6d01d018d28667382f01cd85ab?s=96&d=mm&r=g","caption":"Cyb\u00e8le"},"logo":{"@id":"https:\/\/secure.gravatar.com\/avatar\/8285c3113cdab605c1638656a22af4c9e3228f6d01d018d28667382f01cd85ab?s=96&d=mm&r=g"},"sameAs":["http:\/\/www.espace-sophrologie.org","https:\/\/www.facebook.com\/SophrologieHypnotherapieCybeleFlajollet"]}]}},"_links":{"self":[{"href":"https:\/\/www.espace-sophrologie.org\/index.php?rest_route=\/wp\/v2\/pages\/644","targetHints":{"allow":["GET"]}}],"collection":[{"href":"https:\/\/www.espace-sophrologie.org\/index.php?rest_route=\/wp\/v2\/pages"}],"about":[{"href":"https:\/\/www.espace-sophrologie.org\/index.php?rest_route=\/wp\/v2\/types\/page"}],"author":[{"embeddable":true,"href":"https:\/\/www.espace-sophrologie.org\/index.php?rest_route=\/wp\/v2\/users\/1"}],"replies":[{"embeddable":true,"href":"https:\/\/www.espace-sophrologie.org\/index.php?rest_route=%2Fwp%2Fv2%2Fcomments&post=644"}],"version-history":[{"count":13,"href":"https:\/\/www.espace-sophrologie.org\/index.php?rest_route=\/wp\/v2\/pages\/644\/revisions"}],"predecessor-version":[{"id":1162,"href":"https:\/\/www.espace-sophrologie.org\/index.php?rest_route=\/wp\/v2\/pages\/644\/revisions\/1162"}],"wp:attachment":[{"href":"https:\/\/www.espace-sophrologie.org\/index.php?rest_route=%2Fwp%2Fv2%2Fmedia&parent=644"}],"curies":[{"name":"wp","href":"https:\/\/api.w.org\/{rel}","templated":true}]}}